6)/27.
10
Let k(p) = 2*p**2 - 12*p - 98. Calculate the remainder when 232 is divided by k(-6).
2
Let m = 2275 + -2162. Calculate the remainder when 2485 is divided by m.
112
Suppose -5*l = 3*w - 29, -3*l - 5 = -5*l + w. Suppose -5*v - 162 = -3*a - 0*v, l*a - 227 = 3*v. Calculate the remainder when a is divided by 31.
28
Let l = 120 - 13. Let f be -1*l*(75/5)/(-3). Suppose -2*q = 3*q - f. What is the remainder when q is divided by 27?
26
Suppose 3*n - h = 617, -193*n + 826 = -189*n - 2*h. Calculate the remainder when n is divided by 58.
30
Suppose -5*u + 2*c + 2626 = -996, 3*u - 2198 = -5*c. Suppose -2*l - u = -2956. What is the remainder when l is divided by 62?
61
Let m(t) = 3*t - 12. Let n be m(5). Suppose -n*z + 6 = 9. What is the remainder when 74 is divided by (z/2)/(2/(-100))?
24
Let o = 15718 - 15589. What is the remainder when o is divided by 22?
19
Suppose 14*l = 11*l - 30. Calculate the remainder when (-13)/((-325)/l)*-345 is divided by 47.
44
Suppose -2*j - 3*x = 2*x - 13, 10 = -2*x. Let r(f) = -f**2 + 5*f - 5. Let u be r(4). What is the remainder when u + -1 - (2 + -98) is divided by j?
18
Suppose 116*k - 62*k = 183654. What is the remainder when k is divided by 83?
81
Let m(o) be the second derivative of o**4/4 - o**3/2 + o**2/2 - o. Suppose 0 = -328*x + 97*x + 4530 + 3093. Calculate the remainder when x is divided by m(3).
14
Let c = 15 + -19. Let v be -3 + 2 + c + 61. Let w = 85 - v. What is the remainder when 56 is divided by w?
27
Suppose 4 + 26 = 3*u. Suppose 0 = -5*l + 25*l - 1060. Suppose 89*t - 2448 = l*t. Calculate the remainder when t is divided by u.
8
Let n be (-3)/(-4 - (-12 - -9)). Suppose n*q + 11*w - 16*w - 283 = 0, 5*q + 2*w - 513 = 0. Calculate the remainder when q is divided by ((-66)/(-4) + 1)*2.
31
Let q(u) = 45*u**2 - 2*u + 2. Suppose -m + w + 15 = 0, -58*w + 63*w + 87 = 6*m. Calculate the remainder when q(1) is divided by m.
9
Let n(f) = f**2 - 8*f + 24. Let p be n(10). Let u = p - 19. What is the remainder when 48 is divided by u?
23
Suppose 15*s - 13*s + 1518 = 35*s. What is the remainder when 354 is divided by s?
32
Let y(q) = -q**2 - 8*q + 22. Let k = -18 - -8. Let n be y(k). Suppose t - 29 = 4*d, -n*t = t + d - 22. What is the remainder when t is divided by 4?
1
Let z = -1 - -6. Let d be (-2*1/1)/(2 - 150/74). Suppose -z*n = -281 - d. Calculate the remainder when n is divided by 19.
14
Let v(j) = -300*j + 19. Let s be v(-4). Suppose 0 = 23*p - s - 2185. Let u(o) = o**3 - 5*o**2 - 9*o + 3. Calculate the remainder when p is divided by u(7).
34
Suppose 2*i + 48 = 156. Let k be 6320/50 + (-3)/(-5). Suppose -k*g + 135*g - 112 = 0. What is the remainder when i is divided by g?
12
Suppose 2785*x - 282 = 2779*x. What is the remainder when 2067 is divided by x?
46
Let h(j) = 2*j**3 + 8*j**2 - 5*j - 1. Suppose 15*z - 10*z = -260. Let p = z - -48. What is the remainder when 66 is divided by h(p)?
9
Suppose -16*a + 7*a - 9*a + 22392 = 0. What is the remainder when a is divided by 156?
152
Suppose q - 688 = -32*d + 30*d, 349 = d + 3*q. What is the remainder when 2058 is divided by d?
0
Let w(d) = -d**3 + 16*d**2 + 38*d + 17. Let n be 3/(6/36*1). Calculate the remainder when w(n) is divided by 19.
15
Suppose -2*t - 24 = -4*d, 8 = -3*t + t. Suppose 5*s + 120 = y + d*y, s = -5*y - 42. Let r = 31 + s. Calculate the remainder when 7 is divided by r.
3
Let b(d) = -19 - 33*d + 5 - 31 + 8*d. Calculate the remainder when b(-10) is divided by 9.
7
Suppose -5*n - 14 = -54. Let o(j) = -j**3 + 7*j**2 + 11*j - 5. Calculate the remainder when 79 - (7 + 1) - (-12)/4 is divided by o(n).
17
Let v = -239 - -83. Let z = 216 + v. What is the remainder when z is divided by 9?
6
Suppose -514*f = -159*f + 10236 - 31536. Calculate the remainder when 380 is divided by f.
20
Let j be (3 - 9) + (4 - 0). Let w = 70 + j. What is the remainder when 54 is divided by w/5 - (5 - 108/20)?
12
Let h = 70 + -38. Suppose 4*t - 2340 = -2*t. Let d = -233 + t. Calculate the remainder when d is divided by h.
29
Let c(z) = -z**3 + 7*z**2 + 17*z + 25. What is the remainder when 156 is divided by c(9)?
12
Suppose -58*p - 520 = -98*p. What is the remainder when 10372 is divided by p?
11
Let t be -177 + 6/(11 + -5). Let f = -141 - t. What is the remainder when 75 is divided by f?
5
Suppose x = -5 + 13. Suppose 3*d - 15 = -5*n + 20, 0 = 2*n + 3*d - 23. Suppose 0 = -p - n*h, 5*p - h - 21 = 42. What is the remainder when p is divided by x?
4
Let f = 2869 - 2044. What is the remainder when f is divided by 59?
58
Suppose 5*v + 61 = c + 2*v, -3*c + 193 = v. Let g = 44473 + -44454. What is the remainder when c is divided by g?
7
Let v = 115 - 74. Suppose 3*l - v = 22. Let i = l + 7. Calculate the remainder when i is divided by 15.
13
Let c = 17 + 12. Suppose c = 2*m + 3. What is the remainder when 3332/51*36/14 is divided by m?
12
Suppose 2*b = -2*b + 1112. What is the remainder when b is divided by 224/12*(7 - 299/92)?
68
Suppose 2*j - 18 = z, 0 = -4*j - 5*z + 37 - 15. Let n(u) = 4*u**2 - 23*u - 47. Calculate the remainder when 1/((-186)/94 + 2) is divided by n(j).
22
Let a(p) = -5*p + 62. Let g = -19 + 91. Let d be (-1)/(-6) - 164/g*-3. What is the remainder when 159 is divided by a(d)?
24
Suppose -31 = k - 25. Let j be -4 - (-3)/(k/(-4)). Let x(t) = 11*t**2 + 2*t + 3. What is the remainder when x(j) is divided by 11?
10
Suppose a - 4*z - 7 = -3, -5*a + 4 = -4*z. Calculate the remainder when 270 is divided by (7/2 + 3)*(a - -6).
36
Suppose -73*i + 2655 = 465. What is the remainder when i is divided by 2?
0
Suppose -151*t - 44*t - 1419 + 82539 = 0. Calculate the remainder when t is divided by 55.
31
Let f = 1384 - 594. Suppose -17*g + 2100 = -f. Calculate the remainder when g is divided by 29.
25
Suppose 2*l - 156 + 30 = 0. Suppose 12 = y - h, 9*y + 5*h - 52 = 7*y. What is the remainder when l is divided by y?
15
Let v = 289 + -141. Let w = 184 - 95. Let q = w + -79. Calculate the remainder when v is divided by q.
8
Suppose -15*h + 14*h = 5*c - 34, -4*c - 3*h + 25 = 0. Calculate the remainder when 76 is divided by c*(-2)/21 - 125/(-3).
35
Let m be (-8)/52 + -4*3797/(-26). Suppose -29*z + m = -21*z. Calculate the remainder when z is divided by 13.
8
Let k(b) = -b**3 + 10*b**2 + 13*b - 39. Let t be k(11). Let l(q) = 2*q**2 - 2*q - 2. What is the remainder when t/((0 - 1)*(0 + 1)) is divided by l(-2)?
7
Let p(w) = -8*w + 7 + 3 - 5 + 26*w. What is the remainder when p(5) is divided by 29?
8
Let c(w) = 2*w**2 - 403*w + 3190. What is the remainder when 15414 is divided by c(8)?
92
Let w(r) be the second derivative of 7*r**3/6 + 19*r**2/2 - 32*r. Let f be w(-3). What is the remainder when 123 is divided by ((-1)/(-7) - 1)/(f/42)?
15
Let o = -2814 - -2831. What is the remainder when 1306 is divided by o?
14
Suppose 5*b - 84*u = -85*u + 346, -5*b + 341 = -4*u. Calculate the remainder when b is divided by 28.
13
Let m = 31 - 60. Let u = m + 103. Let v = u + -6. What is the remainder when v is divided by 9?
5
Let x = -238 + 250. Suppose v + x*v - 728 = 0. What is the remainder when v is divided by 15?
11
Let f(w) = w**2 - 24*w + 14. Let q be f(31). Suppose -q - 153 = -6*r. What is the remainder when r is divided by 13?
12
Let r = -156 + 138. Calculate the remainder when 53 is divided by 2 + 236/9 - r/(-81).
25
Suppose -2*c - 158 = -4*p + 82, -5*c + 226 = 4*p. What is the remainder when 1533 is divided by p?
58
Let a(m) = m**2 + m. Let l be -1*(6 - (-2 - 0)*-1). Let j = 30 - 11. Calculate the remainder when j is divided by a(l).
7
Let u(p) = p**3 - 6*p**2 + 9*p - 2. Let b be u(5). Suppose -10*a - 152 = -b*a. What is the remainder when 108 is divided by a?
13
Let p(o) = -138*o**3 + 7*o**2 - 20*o - 21. Calculate the remainder when 1145 is divided by p(-1).
137
Suppose -f + 6*j - j + 5 = 0, 3*j = 0. Calculate the remainder when (220/(-8))/(f/(-12)) is divided by 23.
20
Suppose 28 - 111 - 337 = -42*a. Calculate the remainder when 290/8 + (-1)/4 is divided by a.
6
What is the remainder when 1890 is divided by (-74229)/(-5675) + (-4)/50?
5
Suppose -15 = -c - 2*f, -7*c + 8*f - 3*f = -143. Calculate the remainder when 89 is divided by c.
13
Let h(b) = -60*b + 6991. What is the remainder when h(91) is divided by 194?
173
What is the remainder when 5366 is divided by -38 + 70 + (0 - (-